 of c and 29?
29
Suppose -2*g = -3*g + 5*x - 86, -2*g = -x + 154. Let d be (475/g)/((-1)/32). Calculate the greatest common factor of 40 and d.
40
Suppose y - 358 = -4*r, 3*y - 858 - 146 = 2*r. What is the highest common factor of 3 and y?
1
Suppose -4*l - w + 13 = 0, 7*w = l + 2*w + 23. Let q be (l - 57/(-12))/(27/108). What is the highest common divisor of q and 12?
3
Suppose -6*g = g - 9*g + 7810. Calculate the highest common divisor of g and 55.
55
Let c = 377 - 353. What is the greatest common divisor of 344 and c?
8
Let k(t) = 26*t**2 - 7*t - 40. Let y be k(-15). Suppose -24*g + y = -1477. What is the greatest common factor of 44 and g?
44
Suppose -266 = -3*q - d, -5*q = 2*d - 261 - 184. Suppose -q = h - 139. Calculate the highest common factor of 234 and h.
26
Let h be (-25 - -41)/((-1)/(-8)). Suppose -7*l = -h + 9. Calculate the highest common factor of 425 and l.
17
Let z = 7083 - 6503. What is the greatest common factor of 220 and z?
20
Suppose 167*s - 455*s + 499904 = 296*s. Calculate the greatest common factor of 14766 and s.
214
Let n(l) = -l**3 - 43*l**2 + 94*l + 280. Let z be n(-45). What is the highest common factor of 31300 and z?
100
Suppose -4*o + 3912 = -4*g - 6236, 5*o - g - 12701 = 0. What is the greatest common divisor of 12 and o?
3
Let m = -39156 - -39392. Calculate the greatest common factor of 9086 and m.
118
Let q be (2*2)/(8/40 - 0). Suppose 5*d + 2*o - q = -o, 3*d + 4*o - 12 = 0. What is the highest common factor of d and 92?
4
Let x be -5 + 20/(-15)*-348. Let l be (x/18)/((-3)/(-20)). What is the greatest common factor of 20 and l?
10
Let u = -56 + 136. Suppose 32*l - 28*l = u. What is the highest common factor of 10 and l?
10
Let m(z) = 2*z**2 + 65*z - 332. Let y be m(-37). Let j(p) = p**3 - 11*p**2 + 7. Let v be j(11). Let b = 9 - v. What is the greatest common divisor of y and b?
1
Let x = -4326 - -4524. What is the greatest common divisor of 27 and x?
9
Let w(b) = -9*b**3 + 10*b**2 - 6*b - 150. Let a be w(-4). What is the greatest common factor of a and 20?
10
Suppose 13*h + 1190 = -4*h. Let b be ((12/5)/((-7)/h))/1. Calculate the highest common divisor of 48 and b.
24
Let w = -1145 - -1235. Let h = 30 + -25. Suppose h*b - 2 - 48 = 0. What is the highest common factor of b and w?
10
Let o be (4 + 0)*66/1. Suppose 588 = -20*s + 27*s. Let a = s + -40. Calculate the highest common divisor of a and o.
44
Let v be 0 + 8 + -1 - -1. Suppose 4*i + 2*z = 2280, 3*i - 1326 = 4*z + 384. Let d = i + -482. What is the greatest common factor of d and v?
8
Suppose 2*z + 3*y - 16 - 49 = 0, -140 = -5*z - 3*y. Suppose 26*r + 87 = 806 + 581. What is the highest common factor of r and z?
25
Let x = -45 - -170. Let b be (25/12)/(-25) - (-2)/24. Suppose b = 6*a - 5*a + 5*i - 45, -5*a = i - 129. What is the greatest common factor of x and a?
25
Let m = -61 + 191. Let u be 6/(-9)*(-6)/(-4). Let b be 3/2*(u - (-220)/12). Calculate the highest common factor of m and b.
26
Let m be (-184)/12 + 1/3. Let j = 21 + m. Let n(g) = -g**2 - 13*g - 34. Let b be n(-5). What is the greatest common divisor of j and b?
6
Suppose -41*t + 32 = -25*t. Let p(s) = 103*s**2 + 2. Let w be p(t). Calculate the greatest common divisor of w and 46.
46
Let w be (-5391)/15 - 8/(-20). Let r be w/(-4) + 15/(-20). Let g = 103 - r. Calculate the greatest common divisor of 294 and g.
14
Let u = 8668 - 8521. Calculate the greatest common divisor of 357 and u.
21
Let c(p) = -4*p + 1. Let a be c(-2). Let g = -232 - -365. Suppose 4*q - g - 47 = 0. Calculate the greatest common divisor of q and a.
9
Let o = 482 - 453. Let h be (260 + 1)/(3 - 2). Calculate the highest common divisor of o and h.
29
Let x be -80*(-3)/(-9)*3. Let a be -2 - -1 - x/10. Suppose 0 = a*n + 17 - 66. Calculate the highest common factor of n and 7.
7
Let z = -108 + 188. Let s be 1*(-1)/(-7) - (-22077)/693. Calculate the highest common factor of z and s.
16
Let f(p) = 22*p + 5. Let j(y) = 23*y + 6. Let i(x) = -6*f(x) + 7*j(x). Let b be i(4). Let h = b + -103. Calculate the greatest common factor of h and 25.
25
Let o(v) = -3*v**3 - 2*v**2 + 15*v. Let a be o(-3). Let y be 2/(-3) - (-2)/3. Suppose y = -4*r + 101 + 43. Calculate the greatest common factor of r and a.
18
Suppose 21*g - 1868 = 1198. Let r(l) = 6*l**2 - 1. Let n be r(-1). Suppose -n*h - 11 + g = 0. Calculate the greatest common divisor of h and 108.
27
Suppose 0 = 4*g + r - 861, -38*g - 2*r - 1060 = -43*g. What is the greatest common factor of 1070 and g?
214
Let q be ((-30)/(-21))/(6/42). Suppose q*h + 72 = 14*h. Suppose -2*x + 6 - 2 = 0. Calculate the greatest common factor of h and x.
2
Let k be (3 + -1280)*-1 + 3 + 0. Suppose -18*u = 14*u - k. What is the highest common factor of u and 24?
8
Let o = 68 - 66. Suppose 4*u + 31 = -m, -o*u + 0*u + 4*m = 2. Let q be 7 + u + (0 - -1) + 23. Calculate the greatest common factor of 16 and q.
8
Let c(t) = -46*t - 208. Let o be c(-12). What is the highest common divisor of 80 and o?
8
Let o(z) = -z**3 - z**2 + 2*z - 1. Let a be o(-3). Suppose b - 34*b - 15*b + 1584 = 0. What is the highest common divisor of b and a?
11
Let y(b) = 16*b - 79*b - 37 + 59*b. Let x = -7 - 4. Let c be y(x). Calculate the greatest common divisor of 91 and c.
7
Let s(z) = -6*z**2 - 2*z + 9. Let k be s(-8). Let o = k + 363. Let t(p) = -27*p**3 + 1. Let h be t(-1). What is the highest common factor of o and h?
4
Let b(u) = u**3 + 26*u**2 + 6*u + 66. Let m be b(-17). Calculate the greatest common factor of 195 and m.
15
Let r(m) be the first derivative of 0*m**3 + 1/4*m**4 - 3 + m**2 + 25*m. Let y be r(0). Calculate the greatest common factor of 225 and y.
25
Let y(n) = 7*n + 2. Let r be y(12). Let f = -5 + r. Calculate the highest common divisor of f and 36.
9
Suppose a - 4 = -8. Let h be (-80)/a + -10 + 12. What is the highest common factor of h and 176?
22
Suppose -44*p + 14120 = 5*y, p - 83 = -3*y + 261. Calculate the greatest common factor of 890 and p.
10
Let a(j) = -j**3 + 6*j**2 + 16. Suppose 0 = -115*d + 112*d + 18. Let n be a(d). Calculate the greatest common divisor of 184 and n.
8
Let y(f) = f**3 - 40*f**2 + 163*f + 114. Let g be y(36). What is the greatest common divisor of 17822 and g?
266
Let s be (52/10)/(2/10). Let j = -62 + 77. Let c = j - -50. Calculate the greatest common factor of c and s.
13
Let j be 16/(-20) + ((-23276)/(-20) - (-8 - 1)). Calculate the greatest common factor of j and 4.
4
Let s be (-80)/(-14) + (-6)/(-21). Suppose 0 = 3*t + 24 + 102. Let n be (-3 + 108/42)/(2/t). What is the greatest common divisor of s and n?
3
Suppose 29*p + 4*m = 28*p + 912, -3*m - 3534 = -4*p. What is the highest common factor of p and 48?
24
Let f be 2 + 35/(-14)*((-30762)/30 - -5). Calculate the highest common divisor of f and 444.
111
Let h be ((-13)/(-3))/(1/6). Suppose 0 = f + h - 62. Suppose 0 = 316*u - 300*u - 384. Calculate the greatest common divisor of f and u.
12
Let i = 2918 + -2903. Calculate the highest common factor of i and 57.
3
Let a be (4*-1)/(-154 - -152). Calculate the highest common divisor of a and 1714.
2
Let y be (1254/(-76))/(3 - (-339)/(-112)). What is the highest common factor of y and 264?
88
Suppose -23 = -w - 21. Suppose -3*z - w*y = -161, -y - 196 = -3*z - 20. What is the highest common divisor of 3 and z?
3
Let h(n) = n + 31. Let u be h(-20). Let p(v) = v**3 - 12*v**2 + 9*v + 39. Let m be p(u). What is the highest common factor of 663 and m?
17
Let h = -79295 + 79720. Let u(x) = -x**3 - 2*x**2 - x + 5. Let m be u(-5). What is the greatest common divisor of m and h?
85
Let c = -9837 + 10123. Calculate the highest common factor of c and 1078.
22
Suppose -5*u - 3*u - 1049 = -7041. What is the greatest common factor of 7 and u?
7
Suppose -226*i + 536 = -224*i. Let z = i + -128. What is the highest common divisor of 112 and z?
28
Let n(w) = -4*w + 32. Let t be n(7). Let k(u) = -1 - t*u + 2*u + 7*u**2 + 6*u. Let o be k(-3). What is the greatest common factor of o and 125?
25
Suppose -2*j - 2*c - 2*c = -218, -3*j + 325 = 5*c. Let y(q) = 7*q + 75. Let h be y(5). Suppose -6*u + 362 = h. What is the highest common factor of j and u?
21
Suppose 6 = -3*d, -5*y - 3*d = -y - 374. Suppose 266 = 5*f + 2*v + v, 0 = 2*f + 5*v - y. Let o be 198/6*2/3. Calculate the greatest common factor of f and